1962252?
True
Is 4175 a factor of 169206003?
False
Does 22 divide 4448376?
False
Does 1345 divide 58931410?
False
Is 317 a factor of 79076938?
False
Does 1751 divide 2565481152?
True
Does 275 divide 1079189650?
True
Is 351 a factor of 729298323?
True
Does 2104 divide 182328432?
True
Is 5715 a factor of 134388225?
True
Does 52 divide 2947320064?
True
Does 21 divide 1446731123?
False
Is 1419829200 a multiple of 106?
False
Is 246621900 a multiple of 22?
False
Is 36839811 a multiple of 179?
True
Does 2134 divide 251050529?
False
Is 189 a factor of 270255157?
False
Is 2563 a factor of 302001428?
False
Is 124074177 even?
False
Is 106131733 a multiple of 37?
False
Is 40 a factor of 21279989?
False
Does 2241 divide 1694918855?
False
Is 10 a factor of 970134170?
True
Does 7 divide 128913625?
False
Is 75988554 a multiple of 51?
False
Is 1191870 a multiple of 90?
True
Is 371789454 a multiple of 87?
True
Does 1313 divide 51283733?
False
Does 15 divide 5730930?
True
Is 220 a factor of 1666972340?
True
Does 1699 divide 38768728?
False
Is 238863576 a multiple of 12?
True
Is 890960072 a multiple of 19?
False
Does 7405 divide 2030739795?
True
Does 64 divide 710912?
True
Is 10789200 a multiple of 925?
True
Is 3697672137 a multiple of 939?
True
Is 5 a factor of 977844663?
False
Does 2474 divide 182944878?
True
Is 65 a factor of 147058612?
False
Is 794 a factor of 57512868?
False
Does 47 divide 275968443?
True
Is 7724582 a multiple of 108?
False
Is 8233 a factor of 3715628329?
False
Does 7 divide 14000994?
True
Does 517 divide 550095020?
False
Is 172 a factor of 15091452?
True
Does 1125 divide 14451374?
False
Does 2104 divide 8925168?
True
Is 1217533696 a multiple of 32?
True
Is 498 a factor of 306624576?
True
Does 8 divide 74755184?
True
Does 129 divide 94933809?
True
Is 14 a factor of 794210?
False
Is 2376243596 a multiple of 1253?
False
Does 488 divide 207481008?
True
Is 15 a factor of 121820671?
False
Is 519830740 a multiple of 1430?
True
Does 49 divide 138678353?
False
Is 375072382 a multiple of 787?
False
Is 8673030 a multiple of 3323?
True
Is 9847509 a multiple of 263?
True
Is 3695896 even?
True
Is 10 a factor of 25157210?
True
Is 165 a factor of 58735590?
False
Does 71 divide 1956985762?
False
Is 858235169 a multiple of 61?
True
Is 58786225 a multiple of 71?
True
Is 319834728 a multiple of 72?
True
Is 42025927 a multiple of 390?
False
Is 1496980521 a multiple of 159?
False
Is 17 a factor of 7723798?
False
Is 244075664 a multiple of 1904?
True
Does 77 divide 27703214?
True
Does 11 divide 298138463?
False
Is 2873282834 a multiple of 151?
False
Is 302049093 a multiple of 35?
False
Is 224 a factor of 43582560?
True
Is 225643984 a multiple of 184?
True
Is 4571 a factor of 119545606?
False
Does 255 divide 12291000?
True
Does 36 divide 53907715?
False
Does 24 divide 89040?
True
Does 5562 divide 2906467743?
False
Does 13121 divide 3775763301?
False
Does 655 divide 1019561286?
False
Does 78 divide 40008462?
True
Does 8 divide 2606248?
True
Is 87 a factor of 5052467?
False
Is 590145 a multiple of 15?
True
Is 260839800 a multiple of 585?
True
Does 303 divide 771800994?
True
Is 17975892 a multiple of 1366?
False
Does 2434 divide 4763488908?
True
Does 6049 divide 12690802?
True
Is 105 a factor of 1998226020?
True
Is 1499 a factor of 1410444000?
False
Is 33 a factor of 466627953?
True
Does 9570 divide 1805361360?
True
Does 356 divide 21122933?
False
Does 95 divide 15630540?
True
Does 12 divide 8013660?
True
Is 1232 a factor of 36214640?
True
Is 216 a factor of 105258960?
True
Is 380 a factor of 5351255?
False
Is 3168260469 a multiple of 11?
True
Is 9 a factor of 27486346?
False
Is 2211 a factor of 558069495?
False
Is 299 a factor of 1915955521?
False
Is 37 a factor of 3065708650?
False
Is 536 a factor of 119055131?
False
Does 6 divide 309487627?
False
Does 10 divide 75314578?
False
Is 168 a factor of 57815185?
False
Does 198 divide 262197342?
True
Is 479 a factor of 620127689?
False
Is 14 a factor of 45855698?
True
Does 31 divide 38892228?
True
Is 903 a factor of 3163110?
False
Does 139 divide 11498169?
False
Is 32 a factor of 468288960?
True
Is 451376536 a multiple of 36?
False
Is 76075692 a multiple of 154?
True
Is 8 a factor of 3208340441?
False
Is 47555689 a multiple of 1896?
False
Is 625 a factor of 1076250?
True
Is 278 a factor of 120084696?
False
Is 23672509 a multiple of 18?
False
Is 2552544163 a multiple of 914?
False
Is 328352894 a multiple of 26?
False
Is 167 a factor of 3188149771?
False
Is 63890160 a multiple of 380?
True
Is 71646596 a multiple of 332?
True
Is 593 a factor of 41170804?
True
Is 83 a factor of 74572296?
False
Is 630851 a multiple of 13?
True
Is 256 a factor of 20197888?
True
Is 35 a factor of 928354078?
False
Does 12 divide 42374374?
False
Is 7510176 a multiple of 293?
True
Is 858 a factor of 13132548?
True
Does 14 divide 708444352?
True
Does 4 divide 125985768?
True
Is 209660600 a multiple of 514?
True
Is 7435 a factor of 1439386260?
True
Is 159127006 a multiple of 18?
False
Is 46901526 a multiple of 21?
True
Is 162442488 a multiple of 2580?
False
Does 135 divide 6325964325?
True
Does 15 divide 3658156187?
False
Is 4856617 a multiple of 2?
False
Is 204021178 a multiple of 74?
False
Does 5 divide 92300708?
False
Is 54723459 a multiple of 357?
True
Does 11110 divide 6160950510?
True
Is 212343175 a multiple of 25?
True
Is 934857885 a multiple of 9232?
False
Is 4 a factor of 29016876?
True
Is 138 a factor of 126364773?
False
Is 7111943 a multiple of 3?
False
Does 5 divide 324950480?
True
Is 348440 a multiple of 281?
True
Is 960 a factor of 76500480?
True
Is 2467239515 a multiple of 7200?
False
Is 3 a factor of 4049682?
True
Does 1064 divide 1027097898?
False
Is 93469296 a multiple of 105?
False
Does 366 divide 48952890?
False
Is 120451448 a multiple of 3070?
False
Does 245 divide 160103480?
False
Is 509 a factor of 32285430?
False
Is 3080220330 a multiple of 998?
False
Is 1513266924 a multiple of 156?
True
Is 6 a factor of 11547492?
True
Does 17 divide 2610663048?
False
Is 31 a factor of 12613032?
True
Is 18716424 a multiple of 418?
False
Does 320 divide 13775040?
True
Does 2277 divide 91845072?
True
Does 33 divide 15409303?
False
Is 4451330 a multiple of 485?
True
Is 58 a factor of 5695252?
True
Is 209519717 a multiple of 10?
False
Does 85 divide 290134033?
False
Does 207 divide 10905174?
True
Does 30 divide 99838221?
False
Is 3311430 a multiple of 34?
True
Does 64 divide 181085313?
False
Is 13208282 a multiple of 1359?
False
Does 8046 divide 5445988526?
False
Is 1252 a factor of 27798156?
True
Does 1120 divide 222332966?
False
Is 45305375 a multiple of 3?
False
Is 189 a factor of 1975160187?
True
Does 181 divide 84289528?
True
Is 3294 a factor of 57405547?
False
Does 9 divide 184572644?
False
Is 1046176781 a multiple of 901?
False
Does 196 divide 81925884?
False
Is 98 a factor of 2328447660?
True
Does 17 divide 1738142033?
True
Does 300 divide 673313100?
True
Does 12 divide 76359632?
False
Is 53 a factor of 81271525?
True
Does 1831 divide 7035729?
False
Is 49274775 a multiple of 1419?
True
Is 143702647 a multiple of 16?
False
Does 901 divide 8063049?
True
Is 92720654 a multiple of 13?
True
Does 12 divide 1703219509?
False
Is 613465587 a multiple of 357?
True
Is 2626122816 a multiple of 12960?
False
Is 13 a factor of 123263023?
True
Is 96 a factor of 189789953?
False
Does 726 divide 3645276?
False
Is 1569293165 a multiple of 109?
True
Is 375028459 a multiple of 13?
True
Is 482 a factor of 3040807860?
True
Is 74543271 a multiple of 111?
True
Does 80 divide 10511394?
False
Is 11 a factor of 5684624?
True
Is 39397536 a multiple of 12?
True
Is 210489880 a multiple of 20?
True
Is 134 a factor of 21738778?
False
Is 47 a factor of 76836361?
False
Is 568131832 a multiple of 23?
True
Is 128797938 a multiple of 16?
False
Is 5012 a factor of 856823924?
False
Is 110 a factor of 91421550?
True
Does 32 divide 106960544?
True
Is 1905 a factor of 164154540?
False
Does 21 divide 258030086?
False
Does 419 divide 1042045472?
False
Is 41438480 a multiple of 498?
False
Does 12 divide 30924879?
False
Does 4 divide 136207900?
True
Does 494 divide 3883489037?
False
Is 222996506 a multiple of 456?
False
Is 755278887 a multiple of 1175?
False
Does 1227 divide 2407